 + 2 + 3) is divided by 11.
8
Let l(f) = f**2 - 4*f + 94. What is the remainder when l(0) is divided by 19?
18
What is the remainder when 535 is divided by (-168)/10*(-12 + 15 + -13)?
31
Let u be ((-1)/3)/(((-2)/(-3))/(-2)). Suppose -9*k + u = -8*k. What is the remainder when 4 is divided by k?
0
Let k = -1377 - -1470. Calculate the remainder when k is divided by (-57)/2*(-6)/9.
17
Suppose 201 = 2*d + 31. Let i = -44 + d. What is the remainder when i is divided by 25?
16
Let b be 2/(-4) - 55/10. Let c(l) = -2*l + 8. What is the remainder when 79 is divided by c(b)?
19
Suppose -2*w = -0*p - 5*p + 222, 2*p - w - 88 = 0. Suppose 3*j - 34 = 2*b, 2*j - 6*j = -b - 37. Calculate the remainder when p is divided by j.
6
Let j be 2/(-4)*2*-6. Suppose -12*c + 11*c + j = 0. Suppose -l + 59 = 3*h, c*h = h - 5*l + 85. What is the remainder when 62 is divided by h?
20
Suppose i + f = 0, 8*i - 35 = 3*i + 2*f. Suppose 3*t - i*t + 46 = -5*m, 2*t - 42 = 3*m. Let r = 4 + 1. Calculate the remainder when t is divided by r.
3
Let f(g) = 4*g**2 + g - 79. Calculate the remainder when f(8) is divided by 31.
30
Let o = 1132 + -1086. What is the remainder when o is divided by 37?
9
Suppose -2*j - 17 = 3*o, -4*j - 2*o = -4*o - 6. Let i be (5 - 4)/(j/(-3)). Calculate the remainder when 12 is divided by i - (-4 - -3)*1.
0
Let g(d) = -d**3 - 36*d**2 + 39*d + 103. What is the remainder when g(-37) is divided by 9?
2
Let x(t) = -3*t - 14. Let s be x(-6). Suppose 2*o = -o + 5*r + 222, s*o - 296 = -2*r. What is the remainder when o is divided by 15?
14
Suppose 5 = -7*c + 5. Let d(t) = -4*t**2 - t + 29. Let m(v) = -v**2. Let f(j) = d(j) - 3*m(j). Calculate the remainder when f(c) is divided by 8.
5
Let b be (-4)/16 - 1/(-4). Suppose b = -4*v - 4*y + 64, -3*y - 20 = -4*v + 37. Suppose 0*o + 196 = 7*o. Calculate the remainder when o is divided by v.
13
Suppose 353 - 26 = 3*a. Suppose -247 = -4*p + 5*j, 2*p - a = -4*j + 47. Calculate the remainder when p is divided by 35.
33
Suppose -2*y + 8 = -3*a + 14, -4*a + 5*y + 8 = 0. Let o(w) = 2*w - 4. Let v be o(3). Suppose -v*d + 3*d = 2. Calculate the remainder when d is divided by a.
0
Let j(s) = s**2 - 13*s - 218. What is the remainder when j(28) is divided by 19?
12
Let x be 0 + -7*(-2 - 3). Let s(d) = 2*d - 5. Let b be s(5). Suppose -b*c + x + 5 = 0. What is the remainder when 23 is divided by c?
7
Let a = -9 + -3. Let o = 12 + a. Calculate the remainder when 3 is divided by 5/((-5)/(-3)) - o.
0
What is the remainder when -2 + 3369/15 - (-42)/105 is divided by 30?
13
Let x(t) = -20*t - 34. Let k be x(-11). Calculate the remainder when 90 is divided by 3/((-3)/k*-6).
28
Suppose 0 = -0*o + 2*o - 8, -4*z - 2*o = 44. Let t(j) = -j + 16. Calculate the remainder when 115 is divided by t(z).
28
Let k = 1787 - 1780. What is the remainder when (0 - (-27)/2)*2 is divided by k?
6
Suppose 4*b - 7*b = 99. Let u = 23 + b. Calculate the remainder when (-40)/8*76/u is divided by 13.
12
Let y(l) = -l**3 - 17*l**2 - 31*l + 25. Calculate the remainder when 159 is divided by y(-15).
39
Let v(n) = -8*n + 13. What is the remainder when (12/(-30))/((-2)/170) is divided by v(0)?
8
Let f = -1916 + 1931. What is the remainder when 202 is divided by f?
7
Suppose -2*v = -24 + 4. Let p be (23 - 3 - 2) + -2. Calculate the remainder when p/(-20)*(-95)/2 is divided by v.
8
Let f = 20 + 8. Let i(l) = -l**3 + 6*l + 1. Let z be i(-3). Let o = z + 5. Calculate the remainder when f is divided by o.
13
Let x(o) = -o**2 - 5*o - 2. Let l be x(-4). Suppose 6 = l*w - 0. Let r(f) = f**3 + f**2 - 6*f + 2. What is the remainder when 79 is divided by r(w)?
19
Let o(d) = 0 - 2 - d**2 - 215*d + 222*d. What is the remainder when 15 is divided by o(6)?
3
Suppose 18*l - 304 = -l. Suppose 5*m - 61 = 49. What is the remainder when m is divided by l?
6
What is the remainder when -4 - (0*(-1)/(-5) + -167) is divided by 52?
7
Suppose -4*j = -2*j - 6. Suppose 0 = -j*r - 8 + 86. Suppose d + 3*z = 28, 0 = -3*d - 2*z + 54 - 19. What is the remainder when r is divided by d?
5
Let v(a) = -a**3 + 9*a**2 - 8*a - 4. Let l be v(8). Let c be (12/l - -2)*64. Let m = -20 - c. What is the remainder when m is divided by 15?
14
Let s = -395 + 411. Let y be 4 + 4/2 - 3. Suppose y*b - 3*i + i - 40 = 0, 3*b - 20 = -2*i. Calculate the remainder when s is divided by b.
6
Suppose -41 = -4*y + 43. Let t = 48 + 114. Suppose -5*q + 5*r + 400 = 0, t = q + q - r. Calculate the remainder when q is divided by y.
19
Suppose -3*h - 53 = -8. Let v = 29 + h. Calculate the remainder when 40 is divided by v.
12
Suppose -160 = -4*g - 4*q, 3*q + 8 = 2. Let b = -16 + g. What is the remainder when b is divided by 9?
8
Suppose 155 = -21*m + 1940. Calculate the remainder when m is divided by 44.
41
Let d = 44 - 14. Suppose -31*g - d = -34*g. Suppose 4*z = 4*v - 116, v - 4*z = z + 41. What is the remainder when v is divided by g?
6
Let o = -46 + 27. Let v = 36 + o. Let p = 134 - 84. What is the remainder when p is divided by v?
16
Suppose -5*n + 280 = 3*i - 4*n, -4*i = -2*n - 360. Calculate the remainder when i is divided by 14.
8
Let z = -93 + 37. Let o = z - -13. Let l = o - -64. What is the remainder when l is divided by 11?
10
Suppose -4*v + 70 = v. Suppose -b - b + v = 0. Suppose -4*j + 72 = -4*f, -5*f = j + 14 - 2. Calculate the remainder when j is divided by b.
6
Suppose -5*g - 2*h + 26 = -19, g + 4*h = 9. Let c = 143 + -95. Let p = c + -22. What is the remainder when p is divided by g?
8
Let i(v) = v**2 + 6*v + 6. Suppose 0 = 4*k - 9*k + 15. Suppose -4*d = k*p - 45, -3*d + 8*p = 4*p - 65. Calculate the remainder when d is divided by i(-6).
3
Let n be 2*((-3)/3 + 9). Let p = -12 + n. Let c = p + 7. What is the remainder when 31 is divided by c?
9
Let g = -10 + 10. Suppose -115 = -x + 3*y, -y + 3 - 6 = g. Suppose -4*d + 9 + 31 = 2*v, x = 5*v + 4*d. What is the remainder when 43 is divided by v?
21
Suppose -4*o - 249 - 279 = 0. Suppose -3*q = 2*v - 240, 4*q - 290 = -5*v + 30. What is the remainder when q is divided by -3 + o*2*1/(-6)?
39
Let b be 1/(2/6) - 0. Suppose 4*r - 36 = k + b*k, -2*r = -4*k - 26. What is the remainder when 35 is divided by 80/(5 + 0) - k?
15
Let y(r) = r**3 + 3*r**2 - 22*r + 4. What is the remainder when 72 is divided by y(-6)?
16
Let a = -13 - -18. Suppose -8 = 2*o, 0*o - 90 = -2*f + a*o. What is the remainder when f is divided by 9?
8
Let h = -293 + 298. Suppose 72 = 3*l - 0*l. What is the remainder when l is divided by h?
4
Let y(n) = -7*n + 20 + 9 + 8*n. Calculate the remainder when 144 is divided by y(0).
28
Let i = 828 - 414. What is the remainder when 86 is divided by i/36 + -2 + (-3)/(-2)?
9
Let t = -57 + 126. Calculate the remainder when t is divided by 37.
32
Suppose 0 = -c + 3*k + 28, -4*k + 96 = 3*c - k. Let h = 3245 - 3060. Calculate the remainder when h is divided by c.
30
Let x(i) = -4*i**2 + 182*i - 64. Calculate the remainder when 411 is divided by x(45).
21
Let t(c) = -31*c + 19. Let d(g) = 16*g - 9. Let x(v) = -5*d(v) - 3*t(v). What is the remainder when x(6) is divided by 17?
15
Suppose 0 = -2*k + 45 - 7. What is the remainder when k is divided by 20/(7 - 72/16)?
3
Let s = 44 - -193. Calculate the remainder when s is divided by 17.
16
Suppose 5*i = -5*t - 360, t - 2 = 2*i - 77. Let c = t - -88. Calculate the remainder when 133 is divided by c.
13
Suppose 0 = 2*t + 3*t. Let w(p) = p + 4. Let y be w(t). Suppose y*j - 5*d - 327 = 0, -2*j + 188 = d + 21. What is the remainder when j is divided by 21?
20
Let a(y) = y**2 + 12*y - 25. Let c be a(-14). Calculate the remainder when 22 is divided by (c/(-6))/((-1)/14).
1
Let m = -3 + -25. Let j = 4 - m. What is the remainder when j is divided by 17?
15
What is the remainder when (16/(-6))/((-56)/16800) is divided by 26?
20
Suppose -5*c = -4*r + 11 + 5, -2*c - 37 = -5*r. Calculate the remainder when 175 is divided by r.
4
Let t = 400 - 391. What is the remainder when 19 is divided by t?
1
Let s = 351 + -348. Calculate the remainder when 48 is divided by s.
0
Let m = 2754 - 1856. Calculate the remainder when m is divided by 30.
28
Let a(w) = w**2 - 7*w - 1. Let l be a(4). Let f = 1 - l. Calculate the remainder when (-4)/(-14) - (-640)/f is divided by 16.
14
Let t = 186 + -274. Let j = 176 + t. What is the remainder when j is divided by 23